{"id":3,"date":"2022-09-08T16:17:32","date_gmt":"2022-09-08T14:17:32","guid":{"rendered":"https:\/\/mobilityfreedom.it\/?page_id=3"},"modified":"2026-04-13T22:16:41","modified_gmt":"2026-04-13T20:16:41","slug":"privacy-policy","status":"publish","type":"page","link":"https:\/\/mobilityfreedom.it\/index.php\/privacy-policy\/","title":{"rendered":"Privacy Policy"},"content":{"rendered":"\t\t<div data-elementor-type=\"wp-page\" data-elementor-id=\"3\" class=\"elementor elementor-3\">\n\t\t\t\t<div class=\"elementor-element elementor-element-4ef62dd3 e-con-full e-flex wpr-particle-no wpr-jarallax-no wpr-parallax-no wpr-sticky-section-no wpr-equal-height-no e-con e-parent\" data-id=\"4ef62dd3\" data-element_type=\"container\" data-e-type=\"container\">\n\t\t\t\t<div class=\"elementor-element elementor-element-9c5412f elementor-widget elementor-widget-text-editor\" data-id=\"9c5412f\" data-element_type=\"widget\" data-e-type=\"widget\" data-widget_type=\"text-editor.default\">\n\t\t\t\t<div class=\"elementor-widget-container\">\n\t\t\t\t\t\t\t\t\t<h2 style=\"text-align: center;\"><span style=\"color: #00505a;\">PRIVACY POLICY<\/span><\/h2><h3 style=\"text-align: center; color: #00505a; text-transform: uppercase;\">Informativa ai sensi dell&#8217;art. 13 GDPR 679\/2016 (Regolamento generale sulla protezione dei dati)<\/h3><p><span style=\"font-size: 22px;\">Gentile Cliente e\/o Rivenditore,\u00a0<\/span><\/p><p><span style=\"font-size: 22px;\">ai sensi dell&#8217;art. 13 GDPR 679\/2016, e in relazione ai dati personali di cui Kivi Mobility Freeedom S.r.l. entrer\u00e0 in possesso firmando il seguente formulario, Vi informiamo che:<\/span><\/p><h3><span style=\"font-size: 20px;\"><span style=\"font-family: 'Real Head Web'; font-weight: 600; color: #00505a; text-transform: uppercase;\">1. Scopo del Trattamento dei dati<\/span><\/span><\/h3><p><span style=\"font-size: 22px;\">Il trattamento \u00e8 finalizzato esclusivamente alla corretta e completa esecuzione del compito affidatovi, in tutti i settori, in particolare per consentire la pubblicit\u00e0 dei rapporti tra le parti, anche attraverso pubblicazioni su siti web, opuscoli o quotidiani e riviste di settore, la collaborazione instaurata, la migliore distribuzione dei prodotti commercializzati a livello internazionale e l\u2019elaborazione dei dati a fini fiscali e fiscali.<\/span><\/p><h3><span style=\"font-size: 22px;\"><span style=\"font-family: 'Real Head Web'; font-weight: 600; color: #00505a; text-transform: uppercase;\"><span style=\"font-size: 20px;\">2. Modalit\u00e0 di trattamento dei dati<\/span><\/span><\/span><\/h3><p><span style=\"font-size: 22px;\">Il trattamento \u00e8 effettuato mediante le operazioni o l&#8217;insieme delle operazioni indicate all\u2019art. 5:\u00a0<\/span><\/p><p style=\"padding-left: 40px;\"><span style=\"font-size: 22px;\">a) raccolta, registrazione, organizzazione, conservazione, consultazione, elaborazione, modifica, selezione, estrazione, confronto, uso, interconnessione, blocco, comunicazione, cancellazione e distruzione dei dati.\u00a0<\/span><\/p><p style=\"padding-left: 40px;\"><span style=\"font-size: 22px;\">b) Le operazioni possono essere effettuate con o senza l&#8217;ausilio di strumenti elettronici o automatizzati.\u00a0<\/span><\/p><p style=\"padding-left: 40px;\"><span style=\"font-size: 22px;\">c) Il trattamento \u00e8 effettuato dal titolare e\/o dai responsabili del trattamento.<\/span><\/p><h3><span style=\"font-size: 20px; color: #00505a; text-transform: uppercase;\">3.\u00a0Fornitura dei dati<\/span><\/h3><p><span style=\"font-size: 22px;\">La comunicazione di dati personali comuni, sensibili e giudiziari \u00e8 strettamente necessaria ai fini dell\u2019esercizio delle attivit\u00e0 di cui al punto 1.<\/span><\/p><h3><span style=\"font-size: 20px; color: #00505a; text-transform: uppercase;\">4.\u00a0Rifiuto di fornire dati<\/span><\/h3><p><span style=\"font-size: 22px;\">Il rifiuto dell\u2019interessato di fornire i dati personali nel caso di cui al punto 3 comporter\u00e0 l&#8217;impossibilit\u00e0 di svolgere le attivit\u00e0 di cui al punto 1.<\/span><\/p><h3><span style=\"font-size: 20px; color: #00505a; text-transform: uppercase;\">5.\u00a0Comunicazione dei dati<\/span><\/h3><p><span style=\"font-size: 22px;\">I dati personali potranno venire a conoscenza dei responsabili del trattamento e potranno essere comunicati per le finalit\u00e0 di cui al punto 1 a collaboratori esterni, ai suoi distributori\/installatori\/rivenditori autorizzati, anche con sede in Paesi terzi, se ci\u00f2 \u00e8 necessario per soddisfare le vostre richieste o se il servizio che chiedete sar\u00e0 fornito da loro, entit\u00e0 operanti nel settore giudiziario, alle controparti e ai loro difensori, a gruppi di arbitri e, in generale, a tutti gli enti pubblici e privati ai quali la comunicazione \u00e8 necessaria per il corretto svolgimento degli scopi di cui al punto 1.<\/span><\/p><h3><span style=\"font-size: 20px; color: #00505a; text-transform: uppercase;\">6. Diffusione dei dati<\/span><\/h3><p><span style=\"font-size: 22px;\">I dati personali non sono soggetti a divulgazione.<\/span><\/p><h3><span style=\"font-size: 20px; color: #00505a; text-transform: uppercase;\">7.\u00a0Trasferimento di dati all&#8217;estero<\/span><\/h3><p><span style=\"font-size: 22px;\">I dati personali possono essere trasferiti in paesi dell\u2019Unione europea e in paesi al di fuori dell\u2019Unione europea nell\u2019ambito delle finalit\u00e0 di cui al punto 1.<\/span><\/p><h3><span style=\"font-size: 20px; color: #00505a; text-transform: uppercase;\">8.\u00a0Diritti dell&#8217;interessato<\/span><\/h3><div><p><span style=\"font-size: 22px;\"><span style=\"font-family: Calibri, Candara, Segoe, 'Segoe UI', Optima, Arial, sans-serif;\">Gli articoli 15-22 conferiscono all\u2019interessato l\u2019esercizio di specifici diritti, tra cui quello di ottenere dal titolare la conferma dell\u2019esistenza o meno dei propri dati personali e la loro messa a disposizione in forma intelligibile; il Titolare dei dati ha diritto di conoscere l\u2019origine dei dati, la finalit\u00e0 e i metodi del trattamento, la logica applicata al trattamento, le informazioni identificative del titolare e dei soggetti cui possono essere comunicati i dati; l\u2019interessato ha anche diritto di ottenere l\u2019aggiornamento, la rettifica e l\u2019integrazione dei dati, la cancellazione, la trasformazione in forma anonima o il blocco dei dati trattati in violazione della legge; il Titolare dei dati ha il diritto di opporsi, per motivi legittimi, al trattamento dei dati; revocare il consenso in qualsiasi momento, fatta salva la liceit\u00e0 del trattamento sulla base del consenso fornito prima della revoca; presentare un reclamo presso un\u2019autorit\u00e0 di controllo. Ha il diritto, in qualsiasi momento, di richiedere la modifica o la cancellazione dei Suoi dati personali soggetti a questo consenso, contattando il titolare del trattamento tramite i riferimenti disponibili nelle nostre informazioni sul trattamento dei dati personali disponibili sul sito <\/span><a style=\"font-family: Calibri, Candara, Segoe, 'Segoe UI', Optima, Arial, sans-serif; background-color: #ffffff;\" href=\"https:\/\/mobilityfreedom.it\/index.php\/privacy-policy\/\">Kivi Mobility Freedom<\/a><span style=\"font-family: Calibri, Candara, Segoe, 'Segoe UI', Optima, Arial, sans-serif;\">.<\/span><\/span><\/p><\/div><h3 style=\"font-size: 24px; font-weight: 600; color: #00505a; line-height: 31.2px; letter-spacing: normal; text-transform: none;\"><span style=\"font-size: 20px; color: #00505a; text-transform: uppercase;\">9. Il titolare del Trattamento<\/span><\/h3><p><span style=\"font-size: 21.12px;\"><span style=\"color: #00505a;\"><b>KIVI MOBILITY FREEDOM S.r.l.<\/b><\/span>, Via Magenta 57, 10128 Torino (TO), P. IVA 12755650012, tel. +390141951668, email <a href=\"mailto:info@k-mf.it\">info@k-mf.it<\/a>, rappresentata dal legale rappresentante pro tempore Salvatore Di Bacco.<\/span><\/p><p><span style=\"font-size: 21.12px;\"><span style=\"color: #00505a;\"><b>KIVI MOBILITY FREEDOM S.r.l.<\/b><\/span> opera in conformit\u00e0 al nuovo Regolamento Europeo GDPR n. 679\/2016. Per ulteriori informazioni in merito, consultare la politica sulla privacy disponibile sul sito <\/span><a style=\"background-color: #ffffff; color: #00505a; font-size: 21.12px; opacity: 0.9;\" href=\"https:\/\/mobilityfreedom.it\/index.php\/privacy-policy\/\">Kivi Mobility Freedom<\/a><span style=\"font-size: 21.12px;\">\u00a0e contattarci all&#8217;indirizzo della sopra menzionata e-mail.<\/span><\/p>\t\t\t\t\t\t\t\t<\/div>\n\t\t\t\t<\/div>\n\t\t\t\t<\/div>\n\t\t\t\t<\/div>\n\t\t","protected":false},"excerpt":{"rendered":"<p>PRIVACY POLICY Informativa ai sensi dell&#8217;art. 13 GDPR 679\/2016 (Regolamento generale sulla protezione dei dati) Gentile Cliente e\/o Rivenditore,\u00a0 ai sensi dell&#8217;art. 13 GDPR 679\/2016, e in relazione ai dati personali di cui Kivi Mobility Freeedom S.r.l. entrer\u00e0 in possesso firmando il seguente formulario, Vi informiamo che: 1. Scopo del Trattamento dei dati Il trattamento \u00e8 finalizzato esclusivamente alla corretta e completa esecuzione del compito affidatovi, in tutti i settori, in particolare per consentire la pubblicit\u00e0 dei rapporti tra le parti, anche attraverso pubblicazioni su siti web, opuscoli o quotidiani e riviste di settore, la collaborazione instaurata, la migliore distribuzione dei prodotti commercializzati a livello internazionale e l\u2019elaborazione dei dati a fini fiscali e fiscali. 2. Modalit\u00e0 di trattamento dei dati Il trattamento \u00e8 effettuato mediante le operazioni o l&#8217;insieme delle operazioni indicate all\u2019art. 5:\u00a0 a) raccolta, registrazione, organizzazione, conservazione, consultazione, elaborazione, modifica, selezione, estrazione, confronto, uso, interconnessione, blocco, comunicazione, cancellazione e distruzione dei dati.\u00a0 b) Le operazioni possono essere effettuate con o senza l&#8217;ausilio di strumenti elettronici o automatizzati.\u00a0 c) Il trattamento \u00e8 effettuato dal titolare e\/o dai responsabili del trattamento. 3.\u00a0Fornitura dei dati La comunicazione di dati personali comuni, sensibili e giudiziari \u00e8 strettamente necessaria ai fini dell\u2019esercizio delle attivit\u00e0 di cui al punto 1. 4.\u00a0Rifiuto di fornire dati Il rifiuto dell\u2019interessato di fornire i dati personali nel caso di cui al punto 3 comporter\u00e0 l&#8217;impossibilit\u00e0 di svolgere le attivit\u00e0 di cui al punto 1. 5.\u00a0Comunicazione dei dati I dati personali potranno venire a conoscenza dei responsabili del trattamento e potranno essere comunicati per le finalit\u00e0 di cui al punto 1 a collaboratori esterni, ai suoi distributori\/installatori\/rivenditori autorizzati, anche con sede in Paesi terzi, se ci\u00f2 \u00e8 necessario per soddisfare le vostre richieste o se il servizio che chiedete sar\u00e0 fornito da loro, entit\u00e0 operanti nel settore giudiziario, alle controparti e ai loro difensori, a gruppi di arbitri e, in generale, a tutti gli enti pubblici e privati ai quali la comunicazione \u00e8 necessaria per il corretto svolgimento degli scopi di cui al punto 1. 6. Diffusione dei dati I dati personali non sono soggetti a divulgazione. 7.\u00a0Trasferimento di dati all&#8217;estero I dati personali possono essere trasferiti in paesi dell\u2019Unione europea e in paesi al di fuori dell\u2019Unione europea nell\u2019ambito delle finalit\u00e0 di cui al punto 1. 8.\u00a0Diritti dell&#8217;interessato Gli articoli 15-22 conferiscono all\u2019interessato l\u2019esercizio di specifici diritti, tra cui quello di ottenere dal titolare la conferma dell\u2019esistenza o meno dei propri dati personali e la loro messa a disposizione in forma intelligibile; il Titolare dei dati ha diritto di conoscere l\u2019origine dei dati, la finalit\u00e0 e i metodi del trattamento, la logica applicata al trattamento, le informazioni identificative del titolare e dei soggetti cui possono essere comunicati i dati; l\u2019interessato ha anche diritto di ottenere l\u2019aggiornamento, la rettifica e l\u2019integrazione dei dati, la cancellazione, la trasformazione in forma anonima o il blocco dei dati trattati in violazione della legge; il Titolare dei dati ha il diritto di opporsi, per motivi legittimi, al trattamento dei dati; revocare il consenso in qualsiasi momento, fatta salva la liceit\u00e0 del trattamento sulla base del consenso fornito prima della revoca; presentare un reclamo presso un\u2019autorit\u00e0 di controllo. Ha il diritto, in qualsiasi momento, di richiedere la modifica o la cancellazione dei Suoi dati personali soggetti a questo consenso, contattando il titolare del trattamento tramite i riferimenti disponibili nelle nostre informazioni sul trattamento dei dati personali disponibili sul sito Kivi Mobility Freedom. 9. Il titolare del Trattamento KIVI MOBILITY FREEDOM S.r.l., Via Magenta 57, 10128 Torino (TO), P. IVA 12755650012, tel. +390141951668, email info@k-mf.it, rappresentata dal legale rappresentante pro tempore Salvatore Di Bacco. KIVI MOBILITY FREEDOM S.r.l. opera in conformit\u00e0 al nuovo Regolamento Europeo GDPR n. 679\/2016. Per ulteriori informazioni in merito, consultare la politica sulla privacy disponibile sul sito Kivi Mobility Freedom\u00a0e contattarci all&#8217;indirizzo della sopra menzionata e-mail.<\/p>\n","protected":false},"author":1,"featured_media":0,"parent":0,"menu_order":0,"comment_status":"closed","ping_status":"open","template":"","meta":{"neve_meta_sidebar":"","neve_meta_container":"","neve_meta_enable_content_width":"","neve_meta_content_width":0,"neve_meta_title_alignment":"","neve_meta_author_avatar":"","neve_post_elements_order":"","neve_meta_disable_header":"","neve_meta_disable_footer":"","neve_meta_disable_title":"on","footnotes":""},"class_list":["post-3","page","type-page","status-publish","hentry"],"rttpg_featured_image_url":null,"rttpg_author":{"display_name":"atlante","author_link":"https:\/\/mobilityfreedom.it\/index.php\/author\/atlante\/"},"rttpg_comment":0,"rttpg_category":null,"rttpg_excerpt":"PRIVACY POLICY Informativa ai sensi dell&#8217;art. 13 GDPR 679\/2016 (Regolamento generale sulla protezione dei dati) Gentile Cliente e\/o Rivenditore,\u00a0 ai sensi dell&#8217;art. 13 GDPR 679\/2016, e in relazione ai dati personali di cui Kivi Mobility Freeedom S.r.l. entrer\u00e0 in possesso firmando il seguente formulario, Vi informiamo che: 1. Scopo del Trattamento dei dati Il trattamento&hellip;","_links":{"self":[{"href":"https:\/\/mobilityfreedom.it\/index.php\/wp-json\/wp\/v2\/pages\/3","targetHints":{"allow":["GET"]}}],"collection":[{"href":"https:\/\/mobilityfreedom.it\/index.php\/wp-json\/wp\/v2\/pages"}],"about":[{"href":"https:\/\/mobilityfreedom.it\/index.php\/wp-json\/wp\/v2\/types\/page"}],"author":[{"embeddable":true,"href":"https:\/\/mobilityfreedom.it\/index.php\/wp-json\/wp\/v2\/users\/1"}],"replies":[{"embeddable":true,"href":"https:\/\/mobilityfreedom.it\/index.php\/wp-json\/wp\/v2\/comments?post=3"}],"version-history":[{"count":64,"href":"https:\/\/mobilityfreedom.it\/index.php\/wp-json\/wp\/v2\/pages\/3\/revisions"}],"predecessor-version":[{"id":5771,"href":"https:\/\/mobilityfreedom.it\/index.php\/wp-json\/wp\/v2\/pages\/3\/revisions\/5771"}],"wp:attachment":[{"href":"https:\/\/mobilityfreedom.it\/index.php\/wp-json\/wp\/v2\/media?parent=3"}],"curies":[{"name":"wp","href":"https:\/\/api.w.org\/{rel}","templated":true}]}}